{"id":164,"date":"2025-08-29T03:30:45","date_gmt":"2025-08-29T03:30:45","guid":{"rendered":"https:\/\/relatoshibridos.cl\/ElOyente\/?page_id=164"},"modified":"2025-11-07T03:16:38","modified_gmt":"2025-11-07T03:16:38","slug":"la-cultura-de-los-2010-en-la-musica","status":"publish","type":"page","link":"https:\/\/relatoshibridos.cl\/ElOyente\/la-cultura-de-los-2010-en-la-musica\/","title":{"rendered":"La cultura global del 2010"},"content":{"rendered":"\n<p>Lorem Ipsum has been the industry&#8217;s standard dummy text ever since the 1500s.<\/p>\n\n\n\n<h1>La d\u00e9cada del <em>streaming<\/em>: hits virales y playlist infinitas<br>La cultura de los 2010 en la musica.<\/h1>\n\n\n\n<p>Lorem Ipsum has been the industry&#8217;s standard dummy text ever since the 1500s.<\/p>\n\n\n\n<div class=\"wp-block-group alignfull has-background has-global-padding is-layout-constrained wp-container-core-group-is-layout-d89aad35 wp-block-group-is-layout-constrained\" style=\"background-color:#39d4af;margin-top:0;margin-bottom:0;padding-top:var(--wp--preset--spacing--50);padding-right:var(--wp--preset--spacing--50);padding-bottom:var(--wp--preset--spacing--50);padding-left:var(--wp--preset--spacing--50)\">\n<div class=\"wp-block-columns alignwide is-layout-flex wp-container-core-columns-is-layout-1da03c2a wp-block-columns-is-layout-flex\">\n<div class=\"wp-block-column is-vertically-aligned-center is-layout-flow wp-block-column-is-layout-flow\" style=\"flex-basis:60%\">\n<figure class=\"wp-block-image size-large is-style-rounded wp-duotone-varpresetduotoneduotone-1-2 is-style-rounded--1\"><img decoding=\"async\" src=\"https:\/\/relatoshibridos.cl\/ElOyente\/wp-content\/uploads\/2025\/09\/image-2.jpeg\" alt=\"Justin Bieber Mugshot\"\/><\/figure>\n\n\n\n<p class=\"has-text-align-center has-heading-font-family has-large-font-size\">Justin Bieber<\/p>\n<\/div>\n\n\n\n<div class=\"wp-block-column is-layout-flow wp-block-column-is-layout-flow\" style=\"flex-basis:40%\">\n<h2 class=\"wp-block-heading has-large-font-size\">Los 2010\u2019s fueron el reinado del pop renovado. Taylor Swift conquist\u00f3 con su paso al stadium pop, Lady Gaga llev\u00f3 lo visual al extremo, Katy Perry domin\u00f3 los charts con Teenage Dream, Adele emocion\u00f3 con Rolling in the Deep, Beyonc\u00e9 marc\u00f3 agenda cultural\u2026 y Justin Bieber pas\u00f3 de Baby a ser uno de los \u00edconos m\u00e1s influyentes de la d\u00e9cada. La cultura de los 2010 en la musica. <\/h2>\n\n\n\n<p class=\"has-heading-font-family\">Luego lleg\u00f3 la explosi\u00f3n latina: el reguet\u00f3n y el trap dejaron de ser g\u00e9neros \u201cde nicho\u201d para convertirse en globales. Daddy Yankee, J Balvin y Bad Bunny pusieron al espa\u00f1ol en lo m\u00e1s alto con Despacito y otros hitazos que no sal\u00edan de las playlists. En Chile, Mon Laferte brill\u00f3 internacionalmente, mientras Pablo Chill-E y el trap local se volvieron la voz de una generaci\u00f3n en medio de protestas, con El derecho de vivir en paz retomando fuerza como himno del 2019.<br><br>Hacia el final, el K-pop irrumpi\u00f3 con poder: BTS y BLACKPINK conquistaron Occidente gracias a fandoms digitales imparables. Los 2010\u2019s quedaron as\u00ed como la era que volvi\u00f3 la m\u00fasica global, viral y sin fronteras.<\/p>\n<\/div>\n<\/div>\n<\/div>\n\n\n\n<div class=\"wp-block-group alignfull has-global-padding is-layout-constrained wp-container-core-group-is-layout-490fa1db wp-block-group-is-layout-constrained\" style=\"padding-top:var(--wp--preset--spacing--50);padding-right:var(--wp--preset--spacing--50);padding-bottom:var(--wp--preset--spacing--50);padding-left:var(--wp--preset--spacing--50)\">\n<div class=\"wp-block-group has-global-padding is-layout-constrained wp-container-core-group-is-layout-650790e1 wp-block-group-is-layout-constrained\">\n<h2 class=\"wp-block-heading has-text-align-center has-x-large-font-size\">\u00a1Pulsa la imagen para chequear nuestra entrada introductoria a esta d\u00e9cada!<\/h2>\n<\/div>\n\n\n\n<div style=\"height:var(--wp--preset--spacing--30)\" aria-hidden=\"true\" class=\"wp-block-spacer\"><\/div>\n\n\n\n<figure class=\"wp-block-image alignwide size-large is-style-rounded is-style-rounded--3\"><a href=\"https:\/\/relatoshibridos.cl\/ElOyente\/la-decada-de-los-2010\/\"><img decoding=\"async\" src=\"https:\/\/upload.wikimedia.org\/wikipedia\/commons\/thumb\/8\/8e\/Katy_Perry_%286326571010%29.jpg\/1200px-Katy_Perry_%286326571010%29.jpg?20210429191516\" alt=\"Katy Perry\"\/><\/a><\/figure>\n\n\n\n<p class=\"has-text-align-center has-heading-font-family has-large-font-size\">Katy Perry<\/p>\n<\/div>\n\n\n\n<div class=\"wp-block-group alignfull has-background has-global-padding is-layout-constrained wp-container-core-group-is-layout-b25ccd55 wp-block-group-is-layout-constrained\" style=\"background-color:#ccbb00;margin-top:0;margin-bottom:0;padding-top:var(--wp--preset--spacing--50);padding-right:var(--wp--preset--spacing--50);padding-bottom:var(--wp--preset--spacing--50);padding-left:var(--wp--preset--spacing--50)\">\n<h2>\u00a1Revisa nuestras entradas pulsando en las im\u00e1genes de los mayores \u00edconos de los dos mil diez!<br><\/h2>\n\n\n\n<div style=\"height:48px\" aria-hidden=\"true\" class=\"wp-block-spacer\"><\/div>\n\n\n\n<div class=\"wp-block-columns alignwide is-layout-flex wp-container-core-columns-is-layout-ff4b9c61 wp-block-columns-is-layout-flex\" style=\"margin-top:0;margin-bottom:0\">\n<div class=\"wp-block-column is-layout-flow wp-container-core-column-is-layout-8a368f38 wp-block-column-is-layout-flow\">\n<figure class=\"wp-block-image size-large is-style-rounded is-style-rounded--4\"><img decoding=\"async\" src=\"https:\/\/relatoshibridos.cl\/ElOyente\/wp-content\/uploads\/2025\/09\/Skrillex-756x1024.jpg\" alt=\"Skrillex\"\/><\/figure>\n\n\n\n<p class=\"has-text-align-center has-heading-font-family has-medium-font-size\">Skrillex<\/p>\n<\/div>\n\n\n\n<div class=\"wp-block-column is-layout-flow wp-container-core-column-is-layout-8a368f38 wp-block-column-is-layout-flow\">\n<div style=\"height:var(--wp--preset--spacing--50)\" aria-hidden=\"true\" class=\"wp-block-spacer\"><\/div>\n\n\n\n<figure class=\"wp-block-image size-large is-style-rounded is-style-rounded--5\"><img decoding=\"async\" src=\"https:\/\/upload.wikimedia.org\/wikipedia\/commons\/thumb\/9\/90\/Adele_%27Adele_Live_2016%27_-_Nashville_DSC04993_%2829781373974%29.jpg\/1200px-Adele_%27Adele_Live_2016%27_-_Nashville_DSC04993_%2829781373974%29.jpg?20161021011031\" alt=\"Adele\" style=\"aspect-ratio:3\/4;object-fit:cover\"\/><\/figure>\n\n\n\n<p class=\"has-text-align-center has-heading-font-family has-medium-font-size\">Adele<\/p>\n<\/div>\n\n\n\n<div class=\"wp-block-column is-layout-flow wp-container-core-column-is-layout-8a368f38 wp-block-column-is-layout-flow\">\n<p class=\"has-text-align-center has-heading-font-family has-large-font-size\">La revoluci\u00f3n urbana y digital del 2010<\/p>\n\n\n\n<figure class=\"wp-block-image size-large is-style-rounded is-style-rounded--6\"><a href=\"https:\/\/relatoshibridos.cl\/ElOyente\/entrada-la-revolucion-urbana-y-digital-de-la-decada-del-2010\/\"><img decoding=\"async\" src=\"https:\/\/upload.wikimedia.org\/wikipedia\/commons\/thumb\/7\/74\/Daddy_Yankee_2015.png\/640px-Daddy_Yankee_2015.png\" alt=\"Bruno Mars\" style=\"aspect-ratio:3\/4;object-fit:cover\"\/><\/a><\/figure>\n\n\n\n<p class=\"has-text-align-center has-heading-font-family has-medium-font-size\">Daddy Yankee<\/p>\n\n\n\n<div style=\"height:var(--wp--preset--spacing--50)\" aria-hidden=\"true\" class=\"wp-block-spacer\"><\/div>\n<\/div>\n<\/div>\n<\/div>\n\n\n\n<div class=\"wp-block-group alignfull is-layout-flow wp-block-group-is-layout-flow\" style=\"margin-top:0;margin-bottom:0;padding-top:var(--wp--preset--spacing--50);padding-right:var(--wp--preset--spacing--50);padding-bottom:var(--wp--preset--spacing--50);padding-left:var(--wp--preset--spacing--50)\">\n<div class=\"wp-block-columns alignwide is-layout-flex wp-container-core-columns-is-layout-ff4b9c61 wp-block-columns-is-layout-flex\" style=\"margin-top:0;margin-bottom:0\">\n<div class=\"wp-block-column is-layout-flow wp-container-core-column-is-layout-8a368f38 wp-block-column-is-layout-flow\">\n<figure class=\"wp-block-image size-full is-style-rounded is-style-rounded--7\"><img loading=\"lazy\" decoding=\"async\" width=\"860\" height=\"680\" src=\"https:\/\/relatoshibridos.cl\/ElOyente\/wp-content\/uploads\/2025\/09\/Taylor-Swift.jpeg\" alt=\"Taylor Swift\" class=\"wp-image-381\" style=\"aspect-ratio:4\/3;object-fit:cover\" srcset=\"https:\/\/relatoshibridos.cl\/ElOyente\/wp-content\/uploads\/2025\/09\/Taylor-Swift.jpeg 860w, https:\/\/relatoshibridos.cl\/ElOyente\/wp-content\/uploads\/2025\/09\/Taylor-Swift-300x237.jpeg 300w, https:\/\/relatoshibridos.cl\/ElOyente\/wp-content\/uploads\/2025\/09\/Taylor-Swift-768x607.jpeg 768w\" sizes=\"auto, (max-width: 860px) 100vw, 860px\" \/><\/figure>\n\n\n\n<p class=\"has-text-align-center has-heading-font-family has-medium-font-size\">Taylor Swift<\/p>\n\n\n\n<div style=\"height:53px\" aria-hidden=\"true\" class=\"wp-block-spacer\"><\/div>\n\n\n\n<figure class=\"wp-block-image size-large is-style-rounded is-style-rounded--8\"><img decoding=\"async\" src=\"https:\/\/upload.wikimedia.org\/wikipedia\/commons\/thumb\/e\/e0\/Mon_Laferte_%28cropped%29.jpg\/960px-Mon_Laferte_%28cropped%29.jpg?20191126015448\" alt=\"Mon Laferte\" style=\"aspect-ratio:3\/4;object-fit:cover\"\/><\/figure>\n\n\n\n<p class=\"has-text-align-center has-heading-font-family has-medium-font-size\">Mon Laferte<\/p>\n<\/div>\n\n\n\n<div class=\"wp-block-column is-layout-flow wp-container-core-column-is-layout-8a368f38 wp-block-column-is-layout-flow\">\n<div style=\"height:66px\" aria-hidden=\"true\" class=\"wp-block-spacer\"><\/div>\n\n\n\n<figure class=\"wp-block-image size-large is-style-rounded is-style-rounded--9\"><img decoding=\"async\" src=\"https:\/\/upload.wikimedia.org\/wikipedia\/commons\/thumb\/3\/39\/Ed_Sheeran_%288507723113%29.jpg\/960px-Ed_Sheeran_%288507723113%29.jpg?20130402195416\" alt=\"Ed Sheeran\"\/><\/figure>\n\n\n\n<p class=\"has-text-align-center has-heading-font-family has-medium-font-size\">Ed Sheeran<\/p>\n\n\n\n<div style=\"height:var(--wp--preset--spacing--50)\" aria-hidden=\"true\" class=\"wp-block-spacer\"><\/div>\n<\/div>\n\n\n\n<div class=\"wp-block-column is-layout-flow wp-container-core-column-is-layout-8a368f38 wp-block-column-is-layout-flow\">\n<figure class=\"wp-block-image size-large is-style-rounded is-style-rounded--10\"><img decoding=\"async\" src=\"https:\/\/upload.wikimedia.org\/wikipedia\/commons\/thumb\/0\/00\/Premios_Pulsar_2019_35.jpg\/1126px-Premios_Pulsar_2019_35.jpg?20190715133415\" alt=\"Pablo Chill-E\"\/><\/figure>\n\n\n\n<p class=\"has-text-align-center has-heading-font-family has-medium-font-size\">Pablo Chill-E<\/p>\n\n\n\n<div style=\"height:54px\" aria-hidden=\"true\" class=\"wp-block-spacer\"><\/div>\n\n\n\n<div style=\"height:var(--wp--preset--spacing--50)\" aria-hidden=\"true\" class=\"wp-block-spacer\"><\/div>\n<\/div>\n\n\n\n<div class=\"wp-block-column is-layout-flow wp-container-core-column-is-layout-8a368f38 wp-block-column-is-layout-flow\">\n<div style=\"height:var(--wp--preset--spacing--50)\" aria-hidden=\"true\" class=\"wp-block-spacer\"><\/div>\n\n\n\n<figure class=\"wp-block-image size-large is-style-rounded is-style-rounded--11\"><img decoding=\"async\" src=\"https:\/\/upload.wikimedia.org\/wikipedia\/commons\/thumb\/f\/f4\/Blackpink_Pink_Carpet_Event_4.jpg\/1200px-Blackpink_Pink_Carpet_Event_4.jpg?20240816001727\" alt=\"Blackpink\"\/><\/figure>\n\n\n\n<p class=\"has-text-align-center has-heading-font-family has-medium-font-size\">Blackpink<\/p>\n\n\n\n<div style=\"height:55px\" aria-hidden=\"true\" class=\"wp-block-spacer\"><\/div>\n\n\n\n<figure class=\"wp-block-image size-large is-style-rounded is-style-rounded--12\"><img decoding=\"async\" src=\"https:\/\/upload.wikimedia.org\/wikipedia\/commons\/thumb\/e\/ec\/Lil_Nas_X_back_stage_at_the_MTV_Video_Music_Awards_2019.jpg\/960px-Lil_Nas_X_back_stage_at_the_MTV_Video_Music_Awards_2019.jpg?20200128201955\" alt=\"Lil Nas X\" style=\"aspect-ratio:1;object-fit:cover\"\/><\/figure>\n\n\n\n<p class=\"has-text-align-center has-heading-font-family has-medium-font-size\">Lil Nas X<\/p>\n\n\n\n<div style=\"height:var(--wp--preset--spacing--50)\" aria-hidden=\"true\" class=\"wp-block-spacer\"><\/div>\n\n\n\n<div style=\"height:var(--wp--preset--spacing--50)\" aria-hidden=\"true\" class=\"wp-block-spacer\"><\/div>\n<\/div>\n<\/div>\n\n\n\n<p class=\"has-text-align-center\">Nuesta cancion favorita: <a href=\"https:\/\/www.youtube.com\/watch?v=dQw4w9WgXcQ\">https:\/\/www.youtube.com\/watch?v=dQw4w9WgXcQ<\/a><\/p>\n<\/div>\n\n\n\n<p>Lorem Ipsum has been the industry&#8217;s standard dummy text ever since the 1500s.<\/p>\n","protected":false},"excerpt":{"rendered":"<p>Justin Bieber Los 2010\u2019s fueron el reinado del pop renovado. Taylor Swift conquist\u00f3 con su paso al stadium pop, Lady Gaga llev\u00f3 lo visual al extremo, Katy Perry domin\u00f3 los charts con Teenage Dream, Adele emocion\u00f3 con Rolling in the Deep, Beyonc\u00e9 marc\u00f3 agenda cultural\u2026 y Justin Bieber pas\u00f3 de Baby a ser uno de [&hellip;]<\/p>\n","protected":false},"author":1,"featured_media":0,"parent":0,"menu_order":0,"comment_status":"closed","ping_status":"closed","template":"","meta":{"om_disable_all_campaigns":false,"pagelayer_contact_templates":[],"_pagelayer_content":"","footnotes":""},"class_list":["post-164","page","type-page","status-publish","hentry"],"yoast_head":"<!-- This site is optimized with the Yoast SEO plugin v27.1.1 - https:\/\/yoast.com\/product\/yoast-seo-wordpress\/ -->\n<title>La cultura de los 2010 en la musica.<\/title>\n<meta name=\"description\" content=\"La cultura de los 2010 en la musica, algo complicado de explicar... pero entretenido de escuchar, ven y desc\u00fabrelo.\" \/>\n<meta name=\"robots\" content=\"index, follow, max-snippet:-1, max-image-preview:large, max-video-preview:-1\" \/>\n<link rel=\"canonical\" href=\"https:\/\/relatoshibridos.cl\/ElOyente\/la-cultura-de-los-2010-en-la-musica\/\" \/>\n<meta property=\"og:locale\" content=\"es_ES\" \/>\n<meta property=\"og:type\" content=\"article\" \/>\n<meta property=\"og:title\" content=\"La cultura de los 2010 en la musica.\" \/>\n<meta property=\"og:description\" content=\"La cultura de los 2010 en la musica, algo complicado de explicar... pero entretenido de escuchar, ven y desc\u00fabrelo.\" \/>\n<meta property=\"og:url\" content=\"https:\/\/relatoshibridos.cl\/ElOyente\/la-cultura-de-los-2010-en-la-musica\/\" \/>\n<meta property=\"og:site_name\" content=\"El Oyente\" \/>\n<meta property=\"article:modified_time\" content=\"2025-11-07T03:16:38+00:00\" \/>\n<meta property=\"og:image\" content=\"https:\/\/relatoshibridos.cl\/ElOyente\/wp-content\/uploads\/2025\/09\/image-2.jpeg\" \/>\n<meta name=\"twitter:card\" content=\"summary_large_image\" \/>\n<meta name=\"twitter:label1\" content=\"Tiempo de lectura\" \/>\n\t<meta name=\"twitter:data1\" content=\"4 minutos\" \/>\n<script type=\"application\/ld+json\" class=\"yoast-schema-graph\">{\"@context\":\"https:\/\/schema.org\",\"@graph\":[{\"@type\":\"WebPage\",\"@id\":\"https:\/\/relatoshibridos.cl\/ElOyente\/la-cultura-de-los-2010-en-la-musica\/\",\"url\":\"https:\/\/relatoshibridos.cl\/ElOyente\/la-cultura-de-los-2010-en-la-musica\/\",\"name\":\"La cultura de los 2010 en la musica.\",\"isPartOf\":{\"@id\":\"https:\/\/relatoshibridos.cl\/ElOyente\/#website\"},\"primaryImageOfPage\":{\"@id\":\"https:\/\/relatoshibridos.cl\/ElOyente\/la-cultura-de-los-2010-en-la-musica\/#primaryimage\"},\"image\":{\"@id\":\"https:\/\/relatoshibridos.cl\/ElOyente\/la-cultura-de-los-2010-en-la-musica\/#primaryimage\"},\"thumbnailUrl\":\"https:\/\/relatoshibridos.cl\/ElOyente\/wp-content\/uploads\/2025\/09\/image-2.jpeg\",\"datePublished\":\"2025-08-29T03:30:45+00:00\",\"dateModified\":\"2025-11-07T03:16:38+00:00\",\"description\":\"La cultura de los 2010 en la musica, algo complicado de explicar... pero entretenido de escuchar, ven y desc\u00fabrelo.\",\"breadcrumb\":{\"@id\":\"https:\/\/relatoshibridos.cl\/ElOyente\/la-cultura-de-los-2010-en-la-musica\/#breadcrumb\"},\"inLanguage\":\"es\",\"potentialAction\":[{\"@type\":\"ReadAction\",\"target\":[\"https:\/\/relatoshibridos.cl\/ElOyente\/la-cultura-de-los-2010-en-la-musica\/\"]}]},{\"@type\":\"ImageObject\",\"inLanguage\":\"es\",\"@id\":\"https:\/\/relatoshibridos.cl\/ElOyente\/la-cultura-de-los-2010-en-la-musica\/#primaryimage\",\"url\":\"https:\/\/relatoshibridos.cl\/ElOyente\/wp-content\/uploads\/2025\/09\/image-2.jpeg\",\"contentUrl\":\"https:\/\/relatoshibridos.cl\/ElOyente\/wp-content\/uploads\/2025\/09\/image-2.jpeg\",\"width\":600,\"height\":750},{\"@type\":\"BreadcrumbList\",\"@id\":\"https:\/\/relatoshibridos.cl\/ElOyente\/la-cultura-de-los-2010-en-la-musica\/#breadcrumb\",\"itemListElement\":[{\"@type\":\"ListItem\",\"position\":1,\"name\":\"Portada\",\"item\":\"https:\/\/relatoshibridos.cl\/ElOyente\/\"},{\"@type\":\"ListItem\",\"position\":2,\"name\":\"La cultura global del 2010\"}]},{\"@type\":\"WebSite\",\"@id\":\"https:\/\/relatoshibridos.cl\/ElOyente\/#website\",\"url\":\"https:\/\/relatoshibridos.cl\/ElOyente\/\",\"name\":\"El Oyente\",\"description\":\"En el Oyente viajamos a trav\u00e9s de las d\u00e9cadas para descubrir c\u00f3mo ha evolucionado el sonido que nos acompa\u00f1a. Desde los vibrantes a\u00f1os 70&#039;s hasta los virtuales 2020&#039;s, repasamos a los artistas m\u00e1s influyentes, los tracks que marcaron cada \u00e9poca y los g\u00e9neros que definieron tendencias.\",\"publisher\":{\"@id\":\"https:\/\/relatoshibridos.cl\/ElOyente\/#organization\"},\"potentialAction\":[{\"@type\":\"SearchAction\",\"target\":{\"@type\":\"EntryPoint\",\"urlTemplate\":\"https:\/\/relatoshibridos.cl\/ElOyente\/?s={search_term_string}\"},\"query-input\":{\"@type\":\"PropertyValueSpecification\",\"valueRequired\":true,\"valueName\":\"search_term_string\"}}],\"inLanguage\":\"es\"},{\"@type\":\"Organization\",\"@id\":\"https:\/\/relatoshibridos.cl\/ElOyente\/#organization\",\"name\":\"El Oyente\",\"url\":\"https:\/\/relatoshibridos.cl\/ElOyente\/\",\"logo\":{\"@type\":\"ImageObject\",\"inLanguage\":\"es\",\"@id\":\"https:\/\/relatoshibridos.cl\/ElOyente\/#\/schema\/logo\/image\/\",\"url\":\"https:\/\/relatoshibridos.cl\/ElOyente\/wp-content\/uploads\/2025\/08\/eloyo.png\",\"contentUrl\":\"https:\/\/relatoshibridos.cl\/ElOyente\/wp-content\/uploads\/2025\/08\/eloyo.png\",\"width\":855,\"height\":270,\"caption\":\"El Oyente\"},\"image\":{\"@id\":\"https:\/\/relatoshibridos.cl\/ElOyente\/#\/schema\/logo\/image\/\"}}]}<\/script>\n<!-- \/ Yoast SEO plugin. -->","yoast_head_json":{"title":"La cultura de los 2010 en la musica.","description":"La cultura de los 2010 en la musica, algo complicado de explicar... pero entretenido de escuchar, ven y desc\u00fabrelo.","robots":{"index":"index","follow":"follow","max-snippet":"max-snippet:-1","max-image-preview":"max-image-preview:large","max-video-preview":"max-video-preview:-1"},"canonical":"https:\/\/relatoshibridos.cl\/ElOyente\/la-cultura-de-los-2010-en-la-musica\/","og_locale":"es_ES","og_type":"article","og_title":"La cultura de los 2010 en la musica.","og_description":"La cultura de los 2010 en la musica, algo complicado de explicar... pero entretenido de escuchar, ven y desc\u00fabrelo.","og_url":"https:\/\/relatoshibridos.cl\/ElOyente\/la-cultura-de-los-2010-en-la-musica\/","og_site_name":"El Oyente","article_modified_time":"2025-11-07T03:16:38+00:00","og_image":[{"url":"https:\/\/relatoshibridos.cl\/ElOyente\/wp-content\/uploads\/2025\/09\/image-2.jpeg","type":"","width":"","height":""}],"twitter_card":"summary_large_image","twitter_misc":{"Tiempo de lectura":"4 minutos"},"schema":{"@context":"https:\/\/schema.org","@graph":[{"@type":"WebPage","@id":"https:\/\/relatoshibridos.cl\/ElOyente\/la-cultura-de-los-2010-en-la-musica\/","url":"https:\/\/relatoshibridos.cl\/ElOyente\/la-cultura-de-los-2010-en-la-musica\/","name":"La cultura de los 2010 en la musica.","isPartOf":{"@id":"https:\/\/relatoshibridos.cl\/ElOyente\/#website"},"primaryImageOfPage":{"@id":"https:\/\/relatoshibridos.cl\/ElOyente\/la-cultura-de-los-2010-en-la-musica\/#primaryimage"},"image":{"@id":"https:\/\/relatoshibridos.cl\/ElOyente\/la-cultura-de-los-2010-en-la-musica\/#primaryimage"},"thumbnailUrl":"https:\/\/relatoshibridos.cl\/ElOyente\/wp-content\/uploads\/2025\/09\/image-2.jpeg","datePublished":"2025-08-29T03:30:45+00:00","dateModified":"2025-11-07T03:16:38+00:00","description":"La cultura de los 2010 en la musica, algo complicado de explicar... pero entretenido de escuchar, ven y desc\u00fabrelo.","breadcrumb":{"@id":"https:\/\/relatoshibridos.cl\/ElOyente\/la-cultura-de-los-2010-en-la-musica\/#breadcrumb"},"inLanguage":"es","potentialAction":[{"@type":"ReadAction","target":["https:\/\/relatoshibridos.cl\/ElOyente\/la-cultura-de-los-2010-en-la-musica\/"]}]},{"@type":"ImageObject","inLanguage":"es","@id":"https:\/\/relatoshibridos.cl\/ElOyente\/la-cultura-de-los-2010-en-la-musica\/#primaryimage","url":"https:\/\/relatoshibridos.cl\/ElOyente\/wp-content\/uploads\/2025\/09\/image-2.jpeg","contentUrl":"https:\/\/relatoshibridos.cl\/ElOyente\/wp-content\/uploads\/2025\/09\/image-2.jpeg","width":600,"height":750},{"@type":"BreadcrumbList","@id":"https:\/\/relatoshibridos.cl\/ElOyente\/la-cultura-de-los-2010-en-la-musica\/#breadcrumb","itemListElement":[{"@type":"ListItem","position":1,"name":"Portada","item":"https:\/\/relatoshibridos.cl\/ElOyente\/"},{"@type":"ListItem","position":2,"name":"La cultura global del 2010"}]},{"@type":"WebSite","@id":"https:\/\/relatoshibridos.cl\/ElOyente\/#website","url":"https:\/\/relatoshibridos.cl\/ElOyente\/","name":"El Oyente","description":"En el Oyente viajamos a trav\u00e9s de las d\u00e9cadas para descubrir c\u00f3mo ha evolucionado el sonido que nos acompa\u00f1a. Desde los vibrantes a\u00f1os 70&#039;s hasta los virtuales 2020&#039;s, repasamos a los artistas m\u00e1s influyentes, los tracks que marcaron cada \u00e9poca y los g\u00e9neros que definieron tendencias.","publisher":{"@id":"https:\/\/relatoshibridos.cl\/ElOyente\/#organization"},"potentialAction":[{"@type":"SearchAction","target":{"@type":"EntryPoint","urlTemplate":"https:\/\/relatoshibridos.cl\/ElOyente\/?s={search_term_string}"},"query-input":{"@type":"PropertyValueSpecification","valueRequired":true,"valueName":"search_term_string"}}],"inLanguage":"es"},{"@type":"Organization","@id":"https:\/\/relatoshibridos.cl\/ElOyente\/#organization","name":"El Oyente","url":"https:\/\/relatoshibridos.cl\/ElOyente\/","logo":{"@type":"ImageObject","inLanguage":"es","@id":"https:\/\/relatoshibridos.cl\/ElOyente\/#\/schema\/logo\/image\/","url":"https:\/\/relatoshibridos.cl\/ElOyente\/wp-content\/uploads\/2025\/08\/eloyo.png","contentUrl":"https:\/\/relatoshibridos.cl\/ElOyente\/wp-content\/uploads\/2025\/08\/eloyo.png","width":855,"height":270,"caption":"El Oyente"},"image":{"@id":"https:\/\/relatoshibridos.cl\/ElOyente\/#\/schema\/logo\/image\/"}}]}},"_links":{"self":[{"href":"https:\/\/relatoshibridos.cl\/ElOyente\/wp-json\/wp\/v2\/pages\/164","targetHints":{"allow":["GET"]}}],"collection":[{"href":"https:\/\/relatoshibridos.cl\/ElOyente\/wp-json\/wp\/v2\/pages"}],"about":[{"href":"https:\/\/relatoshibridos.cl\/ElOyente\/wp-json\/wp\/v2\/types\/page"}],"author":[{"embeddable":true,"href":"https:\/\/relatoshibridos.cl\/ElOyente\/wp-json\/wp\/v2\/users\/1"}],"replies":[{"embeddable":true,"href":"https:\/\/relatoshibridos.cl\/ElOyente\/wp-json\/wp\/v2\/comments?post=164"}],"version-history":[{"count":5,"href":"https:\/\/relatoshibridos.cl\/ElOyente\/wp-json\/wp\/v2\/pages\/164\/revisions"}],"predecessor-version":[{"id":1338,"href":"https:\/\/relatoshibridos.cl\/ElOyente\/wp-json\/wp\/v2\/pages\/164\/revisions\/1338"}],"wp:attachment":[{"href":"https:\/\/relatoshibridos.cl\/ElOyente\/wp-json\/wp\/v2\/media?parent=164"}],"curies":[{"name":"wp","href":"https:\/\/api.w.org\/{rel}","templated":true}]}}